8 = 0. Suppose -4*h = q - 6, -q - h = -c*q + 16. Calculate the greatest common divisor of 35 and q.
7
Suppose 9*f = -2*f - 1584. Let j = 104 - f. Calculate the highest common divisor of 8 and j.
8
Let r = 6 + 4. Let x(a) = -a**2 + 39*a + 1179. Let g be x(-20). Let n be ((-5)/25)/(g/r). What is the highest common divisor of 10 and n?
2
Let w(v) = 17*v**2 + v. Let i be w(-2). Let o(r) = r**2 - 14*r + 158. Let a be o(8). What is the greatest common factor of a and i?
22
Let a = 357 + -501. Let z = a - -190. What is the highest common factor of z and 69?
23
Let n be (-66462)/(-33) - ((4 - 4) + 9). Calculate the highest common divisor of 5 and n.
5
Let u(m) = -2*m**2 - 118*m - 371. Let c be u(-55). Let t(g) = 13*g**3 - 4*g**2 + g + 2. Let a be t(2). Calculate the greatest common factor of a and c.
23
Suppose n = -7*n + 80. Suppose 5*a = 135 + 25. Suppose 13*w = 5*w + a. Calculate the greatest common factor of w and n.
2
Suppose 8*u - 1457 - 1311 = 0. Suppose 2*z + 208 = u. Calculate the highest common divisor of 299 and z.
23
Let b(d) = 20*d - 9. Let t be b(-5). Let s = 144 + t. Suppose 0 = -0*o + o - 5. What is the highest common factor of o and s?
5
Suppose 0 = -15*p - 2*m + 8171, 7*p - 2*m = 9*p - 1086. Calculate the highest common divisor of 1744 and p.
109
Let w = 289 - 309. Let i be 108/w + 5 + (-37)/(-5). What is the greatest common divisor of 42 and i?
7
Let n = 1353 + 415. What is the greatest common factor of 544 and n?
136
Let s = -96 + 166. Suppose -2*y = -0 - 4, -2*n + 72 = y. Calculate the greatest common factor of s and n.
35
Let a(i) = -165*i - 828. Let o be a(-7). Calculate the greatest common factor of 8393 and o.
109
Let b = -2421 - -2527. Calculate the greatest common divisor of b and 4982.
106
Suppose 6*q + 26 = 4*q. Let d(k) = k**2 + 14*k + 17. Let i be d(q). Suppose i*s - 3*s = 6. What is the greatest common factor of s and 18?
6
Let v = 35 + -21. Suppose 17*g - 237 = -662. Let m(w) = -w**2 - 27*w - 43. Let u be m(g). Calculate the greatest common divisor of v and u.
7
Suppose -5*h + 1364 = f, 15*f - 10*f = 5*h - 1340. Let s be 3/(422/32 + -13). Calculate the highest common divisor of h and s.
16
Let s = -38 + 39. Let i be ((10 - 7) + (s - 4))/2. Suppose 5*t = y - i*y - 143, -4*y = 3*t - 503. What is the greatest common factor of 16 and y?
16
Let s be 14/6 + (-26)/78. Let p = 422 - 408. What is the highest common divisor of s and p?
2
Let j = -338 - -553. Let w(l) = -l**2 - l + 7. Let b be w(-9). Let q = 108 + b. What is the highest common divisor of j and q?
43
Suppose -2 = -3*b + 7. Let u be 1*(b + -6)*-4. Suppose -t - 46 = -3*o - 3*t, 23 = 4*o - 5*t. What is the greatest common divisor of u and o?
12
Let j = -235 + 287. Suppose -j*i + 53*i + s = 7, -5*i - 10 = -4*s. Let k be (-3)/(-1)*(-10)/(-6). Calculate the greatest common divisor of k and i.
1
Let s be 154/21 - 5/15. Let f be (-2)/1 + s/(7/90). What is the highest common divisor of 44 and f?
44
Suppose 15994 + 76166 = 72*z. What is the highest common factor of 40 and z?
40
Let o be 634 - (81/(-9) + 22). Calculate the highest common divisor of 253 and o.
23
Let i be (-18)/(-21) - 2856600/(-1260). Calculate the highest common factor of 308 and i.
28
Let l = -882 - -1270. Let j = 580 - l. Calculate the greatest common factor of j and 24.
24
Let z = 491 + -386. Let o = z + 63. What is the greatest common factor of 105 and o?
21
Let h(o) = o**3 + 5*o**2 + 19*o + 33. Let u be h(5). What is the highest common divisor of 119 and u?
7
Suppose -7*a = -3*a - 384. Let j = a - 48. Let s be 2/5 - (-56)/10. Calculate the greatest common divisor of s and j.
6
Let y(z) = -2357*z - 10204. Let v be y(-5). Calculate the greatest common factor of 102 and v.
51
Suppose 2940 = -2*b + 142*b. Calculate the highest common factor of 483 and b.
21
Let q = 3767 - 1085. Calculate the highest common factor of q and 149.
149
Suppose -5*l - 4*t = -1146, 5*t + 4 = -26. What is the highest common factor of 1248 and l?
78
Suppose 5*l + 2*c - 74 = 0, 0 = 5*c - 5 - 5. Let v = -45048 + 45111. Calculate the greatest common factor of v and l.
7
Let h = 1 + 3. Suppose 0*m - o - 12 = 4*m, h*o - 15 = 5*m. Let y be ((-5)/m)/((-1)/(-57)). Calculate the greatest common factor of y and 19.
19
Suppose 33012*s = 33037*s - 187500. What is the highest common divisor of 36 and s?
12
Let m = 46 - 24. Suppose -2*k = -m - 42. Let o be (-15)/(5 - 2) + 20/((-440)/(-814)). Calculate the greatest common factor of o and k.
32
Let f be (-4 + 2)*(-1863)/18. Let n be (268/6)/((-16)/24). Let c = n + f. What is the highest common factor of c and 20?
20
Suppose 0 = -7*y + 6*y + 10. Let b(a) = -a**3 + 15*a**2 - 6*a - 33. Let i be b(y). What is the highest common factor of 37 and i?
37
Let y be ((-40)/(-8) - 7) + 1. Let m(b) = 55*b**2 - b - 2. Let d be m(y). What is the highest common divisor of d and 30?
6
Let f(g) = -4*g**3 - 27*g**2 + 21*g - 1. Let r be f(-9). Suppose -15*y = -11*y - 196. Calculate the greatest common factor of y and r.
49
Suppose -88*r + 15*r = 56*r - 3354. What is the highest common divisor of r and 19357?
13
Suppose 7 - 147 = -2*t. Let j be -2*(-42)/(-12) - (0 - 5). Let k be 2 + (-153)/(-6) + j/(-4). What is the highest common divisor of t and k?
14
Let i be (-24)/2*1/(-1). Suppose 0 = -3*r + 303 + 93. Let z = r + -102. What is the greatest common factor of z and i?
6
Suppose 15*r - 11*r = -3*g + 243, 0 = -3*r - 3*g + 183. Let v = r + -39. What is the greatest common divisor of 147 and v?
21
Suppose w = -3*l + 390, -1400*w = -1404*w + 24. What is the highest common factor of 16832 and l?
64
Let x be 2/12 + (-466)/(-12). Let g be (-1)/3 - 319/33. Let u be ((-4)/g)/(58/725) + 8. Calculate the greatest common divisor of x and u.
13
Suppose 2*y = -10, y = -5*u + 1190 + 155. Calculate the greatest common divisor of 170 and u.
10
Suppose -60 = -10*x - 60. Suppose x = 2*r + 447 - 1371. Calculate the greatest common factor of r and 126.
42
Suppose 5*q - 201*q = -45472. Calculate the greatest common factor of 2291 and q.
29
Let c = 165 + -107. Suppose c = 6*f + 4. Calculate the highest common factor of f and 657.
9
Suppose -c + 72 = 4*l, -4*l - 136 = -14*c + 11*c. Let f be (-38 + -1)*(6 + -7). Calculate the highest common factor of c and f.
13
Suppose 3*t + 56 = 2*z, 18*z = 20*z - 2*t - 52. Let v(p) = -p**3 + p**2 + p + 22. Let a be v(0). What is the greatest common factor of a and z?
22
Let k(r) = 34*r - 4. Let s be k(-14). Let h = -335 - s. Calculate the greatest common divisor of h and 29.
29
Let n = -14 - -18. Suppose n*x = -0*i + 4*i + 916, i + 254 = -4*x. Let y = -73 - i. Calculate the greatest common factor of 23 and y.
23
Let s = -18345 - -18435. Calculate the highest common divisor of s and 4470.
30
Let p be 0/(-3) - (5 + -8). Let u = 101 + p. Let h = 10 + 3. Calculate the greatest common divisor of h and u.
13
Let y = 252 - 172. Let f(m) = 3*m + 14. Let v be f(6). Let k be (-12)/(2 + (-76)/v). Calculate the greatest common factor of k and y.
16
Let t = -112 - -91. Let p(g) = -4*g + 5*g + 46 + g. Let q be p(t). What is the greatest common divisor of 32 and q?
4
Suppose 3*t + t = -3*d - 396, -3*d - 399 = 5*t. Let v = 94 + d. Let u = v + 58. What is the highest common factor of u and 18?
6
Let y = 2 + -243. Let l = 259 + y. What is the highest common factor of 63 and l?
9
Let d be 2/2 - (0 - 3 - -6). Let c be -1 - 22/((-4)/d). Let s be 17 + (c/20)/(2/10). Calculate the greatest common factor of s and 154.
14
Suppose -u = -2*u + 3. Let n be -2 + (u - 20)*-2. Let z = -141 - -173. What is the greatest common factor of z and n?
32
Let x(j) = j**3 - 77*j**2 + 357*j + 236. Let o be x(72). Suppose y = 3*u - 2*u - 16, -4*u + y = -76. What is the highest common divisor of u and o?
20
Suppose 124*x - 3*b = 119*x + 1510, 4*x - 3*b = 1211. What is the greatest common factor of x and 52?
13
Suppose -55912 = -6*x - 2*v, 4*x + v - 14657 - 22619 = 0. Calculate the greatest common factor of x and 120.
40
Suppose 8*l = 3*l - 1750. Let j = l - -365. What is the highest common factor of 45 and j?
15
Let w be 2/(-1)*(-1 - 119219/58). Calculate the highest common divisor of 9 and w.
9
Suppose -77272 = -18*i + 7724. Calculate the highest common factor of i and 6.
6
Let i(n) = 8*n**2 + 36*n + 621. Let v be i(-12). What is the greatest